{"id":136,"date":"2025-05-27T14:48:39","date_gmt":"2025-05-27T14:48:39","guid":{"rendered":"https:\/\/plantilla-11.arrendasoft.co\/?page_id=136"},"modified":"2025-05-27T17:28:15","modified_gmt":"2025-05-27T17:28:15","slug":"comunicate-con-un-asesor","status":"publish","type":"page","link":"https:\/\/pruebas.ubika-digital.com\/index.php\/comunicate-con-un-asesor\/","title":{"rendered":"Comun\u00edcate con un asesor"},"content":{"rendered":"<p>[et_pb_section fb_built=\u00bb1&#8243; theme_builder_area=\u00bbpost_content\u00bb _builder_version=\u00bb4.27.4&#8243; _module_preset=\u00bbdefault\u00bb background_color=\u00bbrgba(204,219,236,0.45)\u00bb][et_pb_row _builder_version=\u00bb4.27.4&#8243; _module_preset=\u00bbdefault\u00bb theme_builder_area=\u00bbpost_content\u00bb][et_pb_column _builder_version=\u00bb4.27.4&#8243; _module_preset=\u00bbdefault\u00bb type=\u00bb4_4&#8243; theme_builder_area=\u00bbpost_content\u00bb][et_pb_heading title=\u00bbComun\u00edcate con un asesor\u00bb _builder_version=\u00bb4.27.4&#8243; _module_preset=\u00bbdefault\u00bb theme_builder_area=\u00bbpost_content\u00bb title_font_size=\u00bb40px\u00bb hover_enabled=\u00bb0&#8243; sticky_enabled=\u00bb0&#8243; locked=\u00bboff\u00bb][\/et_pb_heading][\/et_pb_column][\/et_pb_row][\/et_pb_section][et_pb_section fb_built=\u00bb1&#8243; _builder_version=\u00bb4.27.4&#8243; _module_preset=\u00bbdefault\u00bb hover_enabled=\u00bb0&#8243; global_colors_info=\u00bb{}\u00bb custom_padding=\u00bb0px||0px||false|false\u00bb sticky_enabled=\u00bb0&#8243;][et_pb_row _builder_version=\u00bb4.27.4&#8243; _module_preset=\u00bbdefault\u00bb hover_enabled=\u00bb0&#8243; global_colors_info=\u00bb{}\u00bb custom_padding=\u00bb0px||||false|false\u00bb sticky_enabled=\u00bb0&#8243;][et_pb_column type=\u00bb4_4&#8243; _builder_version=\u00bb4.27.4&#8243; _module_preset=\u00bbdefault\u00bb global_colors_info=\u00bb{}\u00bb][et_pb_text _builder_version=\u00bb4.27.4&#8243; _module_preset=\u00bbdefault\u00bb global_colors_info=\u00bb{}\u00bb]<\/p>\n<div class=\"arrendasoft\"><div class='arrendasoft'><div class=\"grupo\">\n\t<div class=\"caja total\">\n\t\t<form novalidate data-form=\"contact-adviser\">\n\t\t\t<div class=\"grupo\">\n\t\t\t\t<div class=\"caja total\">\n\t\t\t\t\t<label>Asesor<\/label>\n\t\t\t\t\t<i class=\"required\">*<\/i>\n\t\t\t\t\t<select class=\"select-arrendasoft\" id=\"email_asesor\" required name=\"email_asesor\">\n\t<option value=\"\">- Seleccione el Asesor -<\/option>\n\t<option value='digitalubika@gmail.com' data-img='https:\/\/ubika.nuby.app\/\/img\/fotos\/carlos.gutierrez.jpeg'>CARLOS ANDR\u00c9S GUTI\u00c9RREZ BEN\u00cdTEZ<\/option>\n<\/select>\n\t\t\t\t<\/div>\n\t\t\t<\/div>\n\t\t\t<div class=\"grupo\">\n\t\t\t\t<div class=\"caja total\">\n\t\t\t\t\t<label>Nombre<\/label>\n\t\t\t\t\t<i class=\"required\">*<\/i>\n\t\t\t\t\t<input type=\"text\" class=\"input-arrendasoft\" id=\"Nombre\" name=\"Nombre\" required placeholder=\"Nombre *\">\n\t\t\t\t<\/div>\n\t\t\t<\/div>\n\t\t\t<div class=\"grupo\">\n\t\t\t\t<div class=\"caja total\">\n\t\t\t\t\t<label>T\u00e9lefono<\/label>\n\t\t\t\t\t<i class=\"required\">*<\/i>\n\t\t\t\t\t<input type=\"text\" maxlength=\"7\" class=\"input-arrendasoft forceRequired mask\" id=\"Telefono\" name=\"Telefono\" required placeholder=\"Telefono *\" data-mask=\"9999999\">\n\t\t\t\t<\/div>\n\t\t\t<\/div>\n\t\t\t<div class=\"grupo\">\n\t\t\t\t<div class=\"caja total\">\n\t\t\t\t\t<label>Email<\/label>\n\t\t\t\t\t<i class=\"required\">*<\/i>\n\t\t\t\t\t<input type=\"text\" class=\"input-arrendasoft is-email forceRequired\" id=\"Email\" name=\"Email\" required placeholder=\"Email *\">\n\t\t\t\t<\/div>\n\t\t\t<\/div>\n\t\t\t<div class=\"grupo\">\n\t\t\t\t<div class=\"caja total\">\n\t\t\t\t\t<label>Mensaje<\/label>\n\t\t\t\t\t<i class=\"required\">*<\/i>\n\t\t\t\t\t<textarea class=\"input-arrendasoft\" size=\"30\" rows=\"4\" id=\"Mensaje\" name=\"Mensaje\" required placeholder=\"Mensaje *\"><\/textarea>\n\t\t\t\t<\/div>\n\t\t\t<\/div>\n\t\t\t<div class=\"grupo\">\n\t\t\t\t<div class=\"caja\">\n\t\t\t\t\t<input type=\"checkbox\" id=\"send-me-copy\" name=\"send-me-copy\"><span>Env\u00edame una copia<\/span><\/input>\n\t\t\t\t<\/div>\n\t\t\t<\/div>\n\t\t\t<div class=\"grupo\">\n\t\t\t\t<div class=\"caja total\"><button type=\"submit\" class=\"btn btn-success\" data-action=\"send-form\">Enviar<\/button><\/div>\n\t\t\t<\/div>\n\t\t<\/form>\n\t<\/div>\n<\/div>\n<\/div><\/div>\n<p>[\/et_pb_text][\/et_pb_column][\/et_pb_row][\/et_pb_section]<\/p>\n","protected":false},"excerpt":{"rendered":"<div class='arrendasoft'><div class=\"grupo\">\n\t<div class=\"caja total\">\n\t\t<form novalidate data-form=\"contact-adviser\">\n\t\t\t<div class=\"grupo\">\n\t\t\t\t<div class=\"caja total\">\n\t\t\t\t\t<label>Asesor<\/label>\n\t\t\t\t\t<i class=\"required\">*<\/i>\n\t\t\t\t\t<select class=\"select-arrendasoft\" id=\"email_asesor\" required name=\"email_asesor\">\n\t<option value=\"\">- Seleccione el Asesor -<\/option>\n\t<option value='digitalubika@gmail.com' data-img='https:\/\/ubika.nuby.app\/\/img\/fotos\/carlos.gutierrez.jpeg'>CARLOS ANDR\u00c9S GUTI\u00c9RREZ BEN\u00cdTEZ<\/option>\n<\/select>\n\t\t\t\t<\/div>\n\t\t\t<\/div>\n\t\t\t<div class=\"grupo\">\n\t\t\t\t<div class=\"caja total\">\n\t\t\t\t\t<label>Nombre<\/label>\n\t\t\t\t\t<i class=\"required\">*<\/i>\n\t\t\t\t\t<input type=\"text\" class=\"input-arrendasoft\" id=\"Nombre\" name=\"Nombre\" required placeholder=\"Nombre *\">\n\t\t\t\t<\/div>\n\t\t\t<\/div>\n\t\t\t<div class=\"grupo\">\n\t\t\t\t<div class=\"caja total\">\n\t\t\t\t\t<label>T\u00e9lefono<\/label>\n\t\t\t\t\t<i class=\"required\">*<\/i>\n\t\t\t\t\t<input type=\"text\" maxlength=\"7\" class=\"input-arrendasoft forceRequired mask\" id=\"Telefono\" name=\"Telefono\" required placeholder=\"Telefono *\" data-mask=\"9999999\">\n\t\t\t\t<\/div>\n\t\t\t<\/div>\n\t\t\t<div class=\"grupo\">\n\t\t\t\t<div class=\"caja total\">\n\t\t\t\t\t<label>Email<\/label>\n\t\t\t\t\t<i class=\"required\">*<\/i>\n\t\t\t\t\t<input type=\"text\" class=\"input-arrendasoft is-email forceRequired\" id=\"Email\" name=\"Email\" required placeholder=\"Email *\">\n\t\t\t\t<\/div>\n\t\t\t<\/div>\n\t\t\t<div class=\"grupo\">\n\t\t\t\t<div class=\"caja total\">\n\t\t\t\t\t<label>Mensaje<\/label>\n\t\t\t\t\t<i class=\"required\">*<\/i>\n\t\t\t\t\t<textarea class=\"input-arrendasoft\" size=\"30\" rows=\"4\" id=\"Mensaje\" name=\"Mensaje\" required placeholder=\"Mensaje *\"><\/textarea>\n\t\t\t\t<\/div>\n\t\t\t<\/div>\n\t\t\t<div class=\"grupo\">\n\t\t\t\t<div class=\"caja\">\n\t\t\t\t\t<input type=\"checkbox\" id=\"send-me-copy\" name=\"send-me-copy\"><span>Env\u00edame una copia<\/span><\/input>\n\t\t\t\t<\/div>\n\t\t\t<\/div>\n\t\t\t<div class=\"grupo\">\n\t\t\t\t<div class=\"caja total\"><button type=\"submit\" class=\"btn btn-success\" data-action=\"send-form\">Enviar<\/button><\/div>\n\t\t\t<\/div>\n\t\t<\/form>\n\t<\/div>\n<\/div>\n<\/div>\n","protected":false},"author":1,"featured_media":0,"parent":0,"menu_order":0,"comment_status":"closed","ping_status":"closed","template":"","meta":{"_et_pb_use_builder":"on","_et_pb_old_content":"","_et_gb_content_width":"","footnotes":""},"class_list":["post-136","page","type-page","status-publish","hentry"],"_links":{"self":[{"href":"https:\/\/pruebas.ubika-digital.com\/index.php\/wp-json\/wp\/v2\/pages\/136","targetHints":{"allow":["GET"]}}],"collection":[{"href":"https:\/\/pruebas.ubika-digital.com\/index.php\/wp-json\/wp\/v2\/pages"}],"about":[{"href":"https:\/\/pruebas.ubika-digital.com\/index.php\/wp-json\/wp\/v2\/types\/page"}],"author":[{"embeddable":true,"href":"https:\/\/pruebas.ubika-digital.com\/index.php\/wp-json\/wp\/v2\/users\/1"}],"replies":[{"embeddable":true,"href":"https:\/\/pruebas.ubika-digital.com\/index.php\/wp-json\/wp\/v2\/comments?post=136"}],"version-history":[{"count":4,"href":"https:\/\/pruebas.ubika-digital.com\/index.php\/wp-json\/wp\/v2\/pages\/136\/revisions"}],"predecessor-version":[{"id":236,"href":"https:\/\/pruebas.ubika-digital.com\/index.php\/wp-json\/wp\/v2\/pages\/136\/revisions\/236"}],"wp:attachment":[{"href":"https:\/\/pruebas.ubika-digital.com\/index.php\/wp-json\/wp\/v2\/media?parent=136"}],"curies":[{"name":"wp","href":"https:\/\/api.w.org\/{rel}","templated":true}]}}